 c(-25). Let g(t) = -t**2 + 6*t + 7. Let j be g(5). What is the greatest common factor of j and s?
3
Let s be (21373/(-268))/(1/(-12)). What is the greatest common divisor of 22 and s?
11
Let b be (-348)/232*(0 + -2384). Calculate the greatest common factor of b and 24.
24
Suppose 4*f = f + 15. Suppose -2*q + f*q - 70 = -m, 70 = m - q. What is the highest common divisor of m and 14?
14
Let q(m) = -m**3 - 17*m**2 - 35*m - 28. Let y be q(-16). What is the highest common divisor of y and 36?
12
Let y(s) = -s - 3. Let o be y(-5). Suppose -500 = -8*l - o*l. Calculate the greatest common factor of 10 and l.
10
Suppose -11 = -4*x - 3. Suppose -5*u = -3*w + 55, x*u + 7 = -3. Calculate the greatest common divisor of 25 and w.
5
Let a = -71 - -48. Let s = a + 34. What is the greatest common factor of s and 33?
11
Suppose -684 = -51*j - 6*j. What is the greatest common divisor of 52 and j?
4
Suppose -156*o = -197*o + 123. What is the highest common divisor of 12 and o?
3
Let l(x) be the first derivative of 2*x**3/3 + 21*x**2/2 + 12*x + 13. Let c be l(-14). What is the greatest common divisor of c and 22?
22
Let g(a) be the first derivative of 6*a + 8/3*a**3 + a**2 + 7. Let m be g(5). Calculate the highest common divisor of 27 and m.
27
Suppose -15 = 6*i - 7*i. Suppose -3*f = 2*v - 19, 3*f - i = -2*f. What is the greatest common factor of v and 5?
5
Let a(j) = 144*j**2 - 12*j + 11. Let s be a(1). Calculate the greatest common factor of 91 and s.
13
Suppose -98 = -3*t - 3*g - 4*g, -3*t = 3*g - 114. Calculate the greatest common divisor of 28 and t.
14
Suppose 4*a + 5*r - 15 = 0, 0*a + 3*a + 12 = 4*r. Suppose -61*j + 56*j + 400 = a. Calculate the highest common factor of j and 10.
10
Let s(w) = -w + 12. Let h be s(5). Let l be -3*((-14)/(-6) - 4). Suppose -113 = -2*q - l*b, -39 = -q - b + 13. Calculate the highest common divisor of h and q.
7
Let h(t) be the third derivative of t**6/120 + t**5/15 - t**4/6 + 11*t**3/6 - 43*t**2. Let o be h(-5). What is the highest common divisor of 66 and o?
6
Let n(r) = -r**2 - 8*r + 7. Let y be n(-8). Suppose y*j = -51 + 198. What is the highest common factor of 21 and j?
21
Let n(r) = -r**2 + 7*r - 6. Let m be n(4). Let w be (-141)/(-9) + (-6)/(-18). Suppose -3*d + w = -56. Calculate the greatest common divisor of d and m.
6
Let k be -3*(6 + -5) - -7. Calculate the greatest common factor of 64 and k.
4
Let y(o) = 3*o - 3. Let s be y(5). Let q = -10 - -10. Let d(w) = -w**2 + 2*w + 36. Let u be d(q). Calculate the highest common divisor of s and u.
12
Suppose 16 = 2*d - 14. Calculate the highest common divisor of d and 405.
15
Suppose 208 = 2*i + 2*i. Let j(k) = -2*k + 5. Let m be j(2). Let l = 12 + m. Calculate the greatest common factor of i and l.
13
Let m be 3/15 + (-3056)/(-20). Suppose -2*q + 0*q = -4, m = t + 3*q. Let z be (-24)/9*t/(-14). Calculate the greatest common divisor of z and 7.
7
Let a(r) = 3*r**3 - 9*r**2 + 10*r - 38. Let l be a(7). Calculate the greatest common divisor of l and 80.
20
Let a(q) = q**3 - 8*q**2 - 2*q + 2. Let s be a(8). Let d be (2 + 0)*1351/s. Let y be d/(-4) - (-5)/(-20). What is the greatest common factor of y and 12?
12
Suppose -5*j + 10 = -10*j. Let q be (7/(-4))/(j/(-360)*-3). What is the highest common factor of 15 and q?
15
Suppose -2*q + 14 = 3*s, 3*q + 7 - 19 = -3*s. Calculate the greatest common factor of s and 150.
6
Let y = 29 + -19. Suppose 0 = -5*s + 3*b - 0*b - 2426, 2412 = -5*s - 4*b. Let d be s/(-12) - 3/9. Calculate the highest common divisor of y and d.
10
Suppose 5346 + 1056 = 3*b + 2*j, 0 = 5*b + 5*j - 10675. Calculate the highest common factor of b and 52.
52
Let d(x) = x**2 + 21*x - 229. Let i be d(8). What is the highest common divisor of 198 and i?
3
Let o = -110 - -114. Suppose 4*d + 4*v - 1 = 15, 0 = -o*v - 16. Calculate the highest common factor of d and 128.
8
Let s(u) = -u**2 + 10*u - 10. Let z be s(8). Let v(p) = -p**3 - 2*p**2 - 59*p - 256. Let w be v(-4). What is the greatest common divisor of w and z?
6
Suppose 4*u - 42 = 46. Suppose 14*n - 1074 = -304. Calculate the greatest common divisor of u and n.
11
Suppose 45*i - 49*i = -40. Let o = 55 + -25. What is the greatest common divisor of i and o?
10
Let d = 100 + -67. What is the highest common divisor of d and 363?
33
Let j be 4*8/(-144)*-9. What is the highest common divisor of 118 and j?
2
Let p be (-4)/(-26) - (-152)/26. Suppose 4 = p*z - 2*z. Suppose -13 = -c - z. What is the greatest common divisor of 48 and c?
12
Suppose 5*r - 7020 = 5*z, 4*z - 7020 = -15*r + 10*r. Calculate the highest common factor of 52 and r.
52
Suppose -192 = 6*a - 756. Let t = -52 + a. What is the greatest common factor of 63 and t?
21
Suppose -3*k - 259 = -4*w, -k = -4*w + 10 + 239. Calculate the highest common divisor of 122 and w.
61
Suppose 4*f + 5*k - 10809 = 0, 12*k - 13524 = -5*f + 10*k. Calculate the greatest common divisor of f and 33.
33
Let n be 2/(-9)*3 - (-69)/9. Suppose n*z + 36 = 10*z. What is the highest common factor of 96 and z?
12
Let c(v) = -112*v + 364. Let i be c(-12). Calculate the highest common factor of 122 and i.
122
Let j(q) = -q**2 - 20*q + 22. Let u be j(-20). Suppose -4*g + 6 = m, 2*g = -3*m - 0*g + 58. What is the greatest common divisor of m and u?
22
Let g(t) = -t**2 + 7*t - 6. Let z be g(5). Let l(o) = -o + 3. Let w be l(0). Suppose -32 = y - w*y. Calculate the highest common divisor of z and y.
4
Let f(r) = -r**2 + 5*r + 14. Let g be f(7). Suppose -l - 3*l + 56 = g. What is the highest common factor of 28 and l?
14
Let k = 64 + -4. Let j(h) = -h**3 - 4*h**2 + 5*h + 1. Let z be j(-5). Let i be (z - 93)/(-1) + -2. What is the highest common divisor of i and k?
30
Let j = -194 + 264. Calculate the highest common factor of j and 10.
10
Let s be (-36)/9 - (-207 - -5). What is the greatest common factor of s and 18?
18
Suppose v - 2 = -2*y - 3*y, 4*v - 4*y - 8 = 0. Let s be ((-2)/v - -5)*-1. Let h be (20 + -2)/((-2)/s). Calculate the greatest common divisor of 24 and h.
12
Suppose -79*m + 75*m = -2352. Calculate the highest common divisor of 84 and m.
84
Let x be 22/2 + (3 - 8). Suppose x*c + 3*c = 180. Calculate the greatest common factor of c and 30.
10
Suppose 30 = -2*g + 3*g. Let o be (-14 + 10)*(-2 + -3). Calculate the greatest common divisor of o and g.
10
Let p be (130 + 5)*(-3)/(-5). Calculate the highest common divisor of p and 297.
27
Suppose -52*j + 348 = j + 30. Let z be 2/(-3)*(-9 + 0). Calculate the highest common divisor of z and j.
6
Suppose 134 = 3*p + 2. Let a be ((-3)/(-2))/(11/(-66)). Let y = 20 + a. What is the highest common factor of y and p?
11
Suppose -2*w + 316 = -52. What is the highest common divisor of 92 and w?
92
Suppose 100 = 16*f - 60. Calculate the highest common factor of f and 130.
10
Let r be ((-3)/(-9))/(6/3708). Let x = 296 - r. Calculate the highest common factor of 36 and x.
18
Let g = 3022 + -3013. Calculate the greatest common factor of g and 927.
9
Suppose 0 = -2*z - 10, 3*c = 2*z + 283 - 183. Suppose 3*p + o - 227 = 0, 2*p + 2*o = -0*p + 154. What is the greatest common factor of c and p?
15
Let l = 13 - 10. Suppose -l*c + k + 364 = -3*k, c - 128 = -2*k. Let u be (-5)/(-4 - c/(-32)). Calculate the highest common divisor of 10 and u.
10
Suppose 6*q - 3*q = 546. Let m be -10 + 23 + 7 + -6. Calculate the highest common divisor of m and q.
14
Let h be 572/24 - 5/(-30). Suppose -n - h = 5*n. Let x(a) = -4*a - 1. Let j be x(n). Calculate the greatest common factor of 165 and j.
15
Let s be 3/((-42)/(-8)) + (-12753)/(-63). Calculate the highest common divisor of s and 29.
29
Let c be (106*(-6)/(-24))/(2/4). Let k = 92 - c. Calculate the highest common factor of 39 and k.
39
Suppose -s - 2*s + 19 = 4*j, 0 = 5*s + j - 43. Calculate the greatest common factor of s and 288.
9
Let l(g) = -2*g**2 + 34*g + 130. Let j be l(20). Let s = 246 - 56. What is the highest common divisor of s and j?
10
Suppose 6*m = -21*m + 1485. Calculate the greatest common divisor of m and 187.
11
Suppose -y - d + 734 = 2*y, 3*d = 2*y - 493. Calculate the highest common divisor of 5 and y.
5
Suppose 4*k - 3*k = 56. Let r be (2 - 4)/((-2)/(-3)). Let g be (-23)/(-3) - (-2)/r. Calculate the greatest common divisor of k and g.
7
Let w be 40*(16/20)/(-2). Let b = 1 - w. Suppose -36 = -4*v